is m(-203)?
-17
Let v(u) = -u**3 - 95*u**2 + 408*u + 19577. Calculate v(-97).
-1181
Let j(h) = -7*h**2 + 5532*h - 302008. Determine j(59).
13
Let q(r) = -13145*r + 3115365. Give q(237).
0
Let g(x) = 930*x - 9574. What is g(10)?
-274
Let x(h) = -h**2 + 15*h - 1801. Calculate x(0).
-1801
Let i(d) = 48*d**2 - 13*d - 106. Calculate i(-5).
1159
Let n(y) = -476*y + 14329. Determine n(30).
49
Let s(o) = o**3 - 2*o**2 + 59*o + 731. What is s(0)?
731
Let m(y) = y**3 + 44*y**2 + 183*y - 2110. Give m(5).
30
Let u(l) = -6019*l - 30082. Calculate u(-5).
13
Let t(i) = -5*i**2 + 435*i - 253. What is t(88)?
-693
Let o(q) = -q**3 + 106*q**2 + 1976*q - 2925. Determine o(122).
3
Let g(v) = 269*v - 10074. Give g(38).
148
Let n(a) = 1489*a - 54123. Give n(38).
2459
Let p(b) = -5149*b + 10308. Determine p(2).
10
Let l(z) = -z**3 - 15*z**2 + 211*z - 202. What is l(-24)?
-82
Let j(p) = 7*p**3 - 76*p**2 - 6*p - 50. Give j(11).
5
Let b(o) = 876*o + 273290. Calculate b(-312).
-22
Let w(q) = -q**2 + 355*q - 26763. Give w(251).
-659
Let q(f) = 3*f**3 - 125*f**2 + 93*f + 97. Give q(41).
548
Let r(b) = 88923*b + 2311995. What is r(-26)?
-3
Let l(i) = -24*i**3 - i**2 + 156*i - 154. Calculate l(1).
-23
Let t(k) = k**3 - 10*k**2 - 1187*k - 3439. What is t(-3)?
5
Let b(p) = -5*p**3 + 31*p**2 + 4784*p - 114. Determine b(-28).
-2
Let a(g) = 441767*g + 21204807. Calculate a(-48).
-9
Let v(l) = -54*l - 1354. Give v(-33).
428
Let p(c) = -307*c**2 + 1675*c - 27. Calculate p(4).
1761
Let c(q) = -2*q**3 - 127*q**2 - 49*q + 1107. What is c(-63)?
225
Let i(o) = 559*o - 1859. Determine i(6).
1495
Let i(o) = o**3 + 8*o**2 - o - 429. What is i(14)?
3869
Let j(a) = 10719*a + 96700. Calculate j(-9).
229
Let r(o) = 2898*o + 75418. What is r(-26)?
70
Let m(z) = 7*z**3 - 23*z**2 + 3*z - 7226. Give m(0).
-7226
Let y(w) = 12*w**3 + 352*w**2 + 405*w - 1189. Determine y(-28).
15
Let v(l) = 92*l**2 + 2642*l + 17938. Determine v(-11).
8
Let y(o) = 16237*o + 194966. What is y(-12)?
122
Let m(t) = t**3 + 3*t**2 - 1611*t - 7989. Give m(-5).
16
Let u(p) = -4119*p + 3653557. Give u(887).
4
Let p(q) = 4283*q + 29790. Determine p(-7).
-191
Let p(x) = 2*x**3 - 19*x - 476. Give p(5).
-321
Let c(s) = -s**3 + 22*s**2 - 23*s + 175. Calculate c(17).
1229
Let w(z) = -110*z**2 + 4207*z - 1015. Calculate w(38).
11
Let x(i) = 2*i**3 + 102*i**2 - 28*i + 3923. What is x(-52)?
-29
Let k(r) = -r**3 + 12*r**2 - 233*r + 607. Determine k(3).
-11
Let d(u) = -3*u**3 + 14*u**2 - 14*u + 167. Determine d(6).
-61
Let q(s) = -16656*s - 16525. Calculate q(-1).
131
Let h(z) = z**3 - z**2 - 3200*z + 408. What is h(57)?
-48
Let s(v) = 13*v**2 + 74*v + 917. Give s(-14).
2429
Let o(n) = 3*n**3 - 236*n**2 - 3278*n + 10. Determine o(-12).
178
Let u(d) = 1298*d - 83063. Give u(64).
9
Let h(v) = -119*v + 7764. Calculate h(64).
148
Let o(x) = -230*x**2 + 3*x + 10. Give o(-3).
-2069
Let m(q) = q**3 - 20*q**2 - 1121*q + 53. Determine m(45).
233
Let a(l) = 59*l**2 + 3237*l + 29178. Give a(-9).
4824
Let m(d) = 50*d**3 + 10314*d**2 + 2882*d - 411. Determine m(-206).
1
Let z(a) = 3*a**2 + 348*a - 157016. Calculate z(178).
-20
Let k(q) = -10*q**2 - 4432*q + 780577. What is k(135)?
7
Let t(r) = -10893*r + 54505. Calculate t(5).
40
Let y(s) = 587*s**2 - 396*s + 396. What is y(1)?
587
Let p(w) = 4*w**2 - 142*w - 750. What is p(40)?
-30
Let y(s) = 4*s**3 + 9*s**2 - 2578*s - 12856. What is y(-5)?
-241
Let z(c) = 2*c**3 + 117*c**2 - 514*c + 3304. Give z(-63).
-35
Let v(r) = -280*r + 28185. Calculate v(113).
-3455
Let l(r) = r**3 - 38*r**2 + 2039*r - 71199. What is l(36)?
-387
Let a(w) = -w**2 - 44*w + 274. What is a(-41)?
397
Let t(x) = -4*x**2 + 927*x - 4644. Give t(5).
-109
Let i(g) = 7*g**2 - 1461*g + 13536. Calculate i(199).
4
Let b(t) = 4*t**3 - 7*t**2 + 66*t - 541. Give b(7).
950
Let i(v) = v**3 + 43*v**2 + 475*v + 14265. Determine i(-40).
65
Let k(q) = q**3 + 42*q**2 - 232*q - 80. Give k(-47).
-221
Let b(j) = -2381*j - 661900. Calculate b(-278).
18
Let v(d) = -d**3 + 28*d**2 + 59*d - 3756. What is v(24)?
-36
Let x(y) = -2*y**3 - 37*y**2 + 166*y. Give x(4).
-56
Let l(g) = -g**2 + 8754*g - 607880. Determine l(70).
0
Let y(l) = 23*l**2 + 616*l - 129. Give y(-27).
6
Let r(z) = -4*z**3 - 498*z**2 + 243*z - 419. Calculate r(-125).
456
Let a(t) = t**2 + 196*t - 2661. Calculate a(-209).
56
Let a(b) = b**2 + 12655*b + 315765. Determine a(-25).
15
Let s(l) = -l**3 + 198*l**2 - 636*l + 9999. What is s(195)?
54
Let b(d) = 22*d**2 + 1002*d + 407. What is b(-43)?
-2001
Let j(n) = -4*n**2 + 300*n - 2400. Give j(7).
-496
Let u(n) = -92*n - 5404. Calculate u(-59).
24
Let w(j) = 29*j**2 - 322*j - 2988. Determine w(-6).
-12
Let s(k) = -k**2 + 4777*k - 5472146. Give s(1906).
-20
Let f(g) = 93*g - 661. Give f(6).
-103
Let d(h) = h**2 - 235*h - 4277. What is d(252)?
7
Let w(f) = 2*f**3 - 171*f**2 + 863*f - 23696. What is w(82)?
2
Let h(f) = -9614*f - 6450995. What is h(-671)?
-1
Let i(u) = -5*u**3 - 106*u**2 + 27*u + 23. Determine i(-21).
-985
Let q(f) = -1693*f**3 - 5*f**2 + 14*f + 17. Calculate q(-1).
1691
Let g(d) = 2*d**2 + 141*d - 36870. Calculate g(105).
-15
Let z(j) = -196*j + 14603. Determine z(67).
1471
Let g(w) = -60*w**2 + 210*w - 196. Give g(-5).
-2746
Let k(t) = -2501*t + 187573. Determine k(75).
-2
Let p(m) = -20755*m + 207537. Calculate p(10).
-13
Let b(p) = 4*p**3 + 89*p**2 - 28*p + 914. Calculate b(-23).
-29
Let z(d) = -d**3 - 15*d**2 - 216*d - 78. Give z(-7).
1042
Let s(t) = -105*t**2 - 116*t + 179. Give s(-2).
-9
Let m(k) = 32*k**2 - 74*k + 20. Determine m(5).
450
Let y(q) = q**3 + 48*q**2 - 204*q - 5203. Determine y(-50).
-3
Let z(t) = 223*t**2 - 49299*t + 3526. Calculate z(221).
-10
Let s(k) = 815*k - 10641. Give s(13).
-46
Let x(d) = -1256*d - 31437. Give x(-25).
-37
Let q(m) = -52*m + 1364. What is q(34)?
-404
Let t(h) = 76807*h + 381834. Give t(-5).
-2201
Let l(w) = 8*w**3 - 85*w - 333. What is l(-6)?
-1551
Let c(i) = 10*i**2 + 185*i + 26. Calculate c(3).
671
Let p(f) = 281*f + 6164. What is p(-23)?
-299
Let f(x) = -4*x**2 + 901*x - 20250. Give f(25).
-225
Let s(r) = -2*r**2 - 495*r + 431606. What is s(357)?
-7
Let a(q) = -q**3 + q**2 - 8*q - 1369. Determine a(0).
-1369
Let t(m) = 2457*m + 283663. Determine t(-116).
-1349
Let t(r) = -2*r**3 + 455*r**2 + 4752*r + 23. Calculate t(-10).
3
Let c(i) = -4*i**3 + 165*i**2 + 2268*i - 1659. Determine c(52).
5
Let p(y) = y**2 - 405848*y - 2029255. Determine p(-5).
10
Let p(w) = -53*w**2 + 117*w - 26. Determine p(-1).
-196
Let d(k) = -35186*k + 105684. Give d(3).
126
Let g(c) = 9546*c - 2090587. Give g(219).
-13
Let k(v) = -3*v**2 + 305*v - 992. Calculate k(99).
-200
Let o(q) = -24*q - 424. Determine o(-20).
56
Let u(q) = 273*q**2 + 891*q + 151. Calculate u(-3).
-65
Let b(x) = x**2 + 1300*x - 70191. What is b(52)?
113
Let y(m) = 1035*m + 23384. Determine y(-22).
614
Let c(p) = -27872*p - 473689. What is c(-17)?
135
Let g(f) = f**2 + 2167*f + 99669. Calculate g(-47).
29
Let q(f) = -2*f**3 - 379*f**2 - 585*f - 3963. Give q(-188).
-15
Let q(z) = -14353*z + 531062. What is q(37)?
1
Let t(o) = o**3 - 71*o**2 + 262*o + 430. Calculate t(67).
28
Let m(u) = -18*u**3 + 143*u**2 - 38*u + 377. Give m(10).
-3703
Let p(m) = 3234*m + 29484. What is p(-7)?
6846
Let g(d) = -d**3 + 10*d**2 + 344*d - 1750. What is g(22)?
10
Let r(k) = -8*k**2 + 34*k + 49. Give r(-7).
-581
Let v(q) = q**3 + 120*q**2 + 404*q - 236. What is v(-4)?
4
Let m(f) = 6*f**3 - 1265*f**2 - 84*f - 26804. What is m(211)?
-7
Let y(g) = -65*g**2 - 5998*g - 1807. Calculate y(-92).
-151
Let n(w) = -w**3 - 40*w**2 - 209*w + 739. Determine n(-33).
13
Let k(s) = 5*s**3 + 54*s**2 + 103*s - 74. Calculate k(-8).
-2
Let u(f) = f**2 - 3234*f + 25813. Give u(8).
5
Let a(s) = 3*s**2 - 2897*s + 124271. Give a(45).
-19
Let x(m) = -15*m**2 + 1570*m - 17215. What is x(11)?
-1760
Let s(j) = -20*j**2 + 7075*j - 7073. Give s(1).
-18
Let s(u) = -115*u - 280. Calculate s(2).
-510
Let j(l) = 14398*l + 360076. What is j(-25)?
126
Let w(o) = 4085*o + 126731. Give w(-31).
96
Let i(t) = 12*t**2 - 493*t + 284. What is i(44)?
1824
Let y(q) = -2*q**2 - 988*q - 75192. Determine y(-94).
8
Let k(f) = f**2 - 33331*f - 99979. Determine k(-3).
23
Let i(j) = 232*j + 6036. What is i(-26)?
4
Let n(q) = -363*q**2 - 1910*q - 34. Calculate n(-6).
-1642
Let s(a) = -5829*a + 81626. Determine s(1